Let t(i) = -i**3 + 11*i**2 - 6*i - 9. Let p be t(10). Suppose -p*x = -32*x + 307. Is x composite?
False
Let x = 24 + -22. Suppose -x*m + 8 = -0*m. Let j(s) = 197*s - 3. Is j(m) composite?
True
Is ((-126)/72)/((15/(-49836))/5) composite?
True
Let j be (-3)/(-9) - (-258)/9. Let x = -22 + j. Is x/((-4)/(-44) - 0) prime?
False
Suppose 2*h = -h + 18. Suppose k - 793 = -h*j + 3*j, 3*j - 785 = -5*k. Is j a prime number?
False
Suppose 0 = 4*m + 4, i - m + 1 = 3. Let d(x) = -7*x**3 - 1. Let l be d(-1). Is (i/(-3))/(l/(-8622)) a composite number?
False
Let a be 1/(-4*(-3 + (-731)/(-244))). Let d = a + 376. Is d a composite number?
True
Let n(i) = 51*i**3 - 5*i**2 + 15*i + 19. Is n(8) composite?
False
Is 13*(6 - 5)*-1*-41 prime?
False
Let j be 4/(-6) - (-447)/9. Let t be (-2)/7 + (-182)/j. Is (-446)/4*(2 + t) composite?
False
Let j(q) = -6*q + 9*q**2 - q**3 + 3 - 5 - 2 + q. Suppose 0 = 6*g - 2*g - 20. Is j(g) prime?
True
Suppose 3594 - 18006 = -6*o. Suppose -2*b + 912 = -o. Is b composite?
False
Suppose 3*a + 2*z - 6*z = 23, -z - 27 = -5*a. Let m be 663/4 - a/(-20). Suppose 79 = 5*y - m. Is y prime?
False
Let y be 1*-4*(-1548)/9. Let p = y + -273. Is p composite?
True
Suppose 2*k - 15639 = -5*m, 2*k = -3*m + 11046 + 4591. Is k prime?
True
Let s = 3685 + -2124. Is s a prime number?
False
Let k(z) = -3*z**2 + 7 - 3*z - 1 + 3*z**3 - 2*z**3 - 1. Let u be k(3). Is (-679)/u - 21/28 composite?
True
Let g(l) = 176*l**3 - l**2 - l. Suppose 4 = -6*t + 16. Is g(t) a prime number?
False
Suppose 3*z + 41 = 44. Let j(f) = -3*f**2 + f + 128*f**3 + 2*f**2 + 0*f**2 - 1. Is j(z) composite?
False
Let l(w) = w**3 + 2*w**2 - 4*w - 1. Let o be l(-3). Suppose -6 - 14 = -o*f. Let n = 19 - f. Is n a prime number?
False
Suppose -36306 = -3*b - 5*c, 2*b - 2*c = 24882 - 694. Is b composite?
False
Suppose -2*g - 2*j = -7820, -2*g = -4*j + 2*j - 7808. Is g a composite number?
False
Let i(a) = -35*a**3 + 2*a**2 + a + 1. Let d(h) = -175*h**3 + 9*h**2 + 4*h + 5. Let g = -13 + 24. Let k(c) = g*i(c) - 2*d(c). Is k(-3) composite?
True
Let m = 1601 + -2728. Let w = m + 1864. Is w a prime number?
False
Suppose 4*l + 16922 = 2*q, -6*q - 5*l + 16949 = -4*q. Is q a prime number?
True
Let w = 86 + -121. Is (-2)/14 - (-8 - (-111830)/w) prime?
True
Suppose 5*c - 5*x = -60, 0*x + x = -c - 2. Let h = c + 13. Let q(k) = 5*k + 1. Is q(h) a composite number?
False
Let u = 684 + -407. Suppose -c - 203 = -s, 2*s + c - 135 = u. Is s composite?
True
Suppose 6*q + 2*u + 975 = 7*q, 3*q = 5*u + 2923. Is q a composite number?
False
Suppose 4*h + 2*p = 7*h - 15941, 20 = 4*p. Is h a prime number?
False
Suppose 15*k + 380 = 38375. Is k prime?
False
Let n = -2408 - -3951. Is n a prime number?
True
Suppose 4*t - 36 = -4*o, -t + 1 = 4. Let v(u) = 6*u**2 + 22. Let g be v(o). Suppose -n - n = -g. Is n a prime number?
True
Suppose -z - 6 = -2*c + 1, -4*z = -c. Suppose 5*r = c*g + 958, -3*g - 2*g = r - 209. Is r a prime number?
False
Let a = 14 - 10. Is 214 + (0 + 1 - a) a composite number?
False
Suppose -3*j + 0*t - 590 = -t, 5*j + 990 = 3*t. Let p = 98 - j. Is p prime?
True
Let y(j) = -j**3 + 11*j**2 + 26*j. Let b be y(13). Suppose -4*r + b*f + 2764 = 5*f, -f = 4*r - 2764. Is r composite?
False
Suppose 85*s - 97*s + 2159052 = 0. Is s composite?
True
Let j = -428 + 150. Suppose 2*n + 3*v - 157 - 632 = 0, 5*v = 4*n - 1611. Let s = j + n. Is s composite?
True
Let t(a) = -a + 17. Let g be t(14). Suppose -g*d + 2258 = 734. Let j = -363 + d. Is j composite?
True
Let f be ((-5)/2)/(5/(-10)). Let q be 4/(-3)*(-3)/2. Suppose 49 = -2*x - f*p + 610, 0 = x + q*p - 283. Is x composite?
False
Let t(p) = p**3 + 4*p**2 + p - 2. Let x be t(-2). Suppose -v + 1 = -f, -5*v + 3 = -2*f - 5. Is (222/x)/(3/v) a prime number?
True
Suppose 1479 + 2156 = 5*v + 5*w, 3*w - 721 = -v. Suppose -5*q = c - v, -q = c - 143 - 7. Is q prime?
False
Let a = 528 - -321. Let i = a - -220. Is i a composite number?
False
Suppose 0 = -4*j + 12, -39*h + 15223 = -37*h - j. Is h prime?
False
Suppose -3*d = -4*c - 12, -c + 5*d + 2 = 5. Let y be c - (1 + -1) - -1. Is (-2*502)/(4/y) a prime number?
False
Suppose v = -21 - 2. Let j = v + -20. Let q = -10 - j. Is q a prime number?
False
Let f(p) = 871*p - 880. Is f(15) composite?
True
Suppose 31*u - 952051 = 170056. Is u a composite number?
True
Let q(d) = 2*d + 1811. Let w(u) = -3*u - 1811. Let k(x) = 7*q(x) + 6*w(x). Is k(0) prime?
True
Suppose 321*c - 3810 = 315*c. Is c a prime number?
False
Let t = 13354 + -2795. Is t a prime number?
True
Let q be 1*-2*6/(-4). Suppose q*p = -p + 4428. Is p/21 - (-6)/21 prime?
True
Suppose 0 = 30*z - 17*z - 46163. Is z a composite number?
True
Let v(j) = 57798*j**3 - 8*j**2 + 7*j. Is v(1) a composite number?
True
Suppose 3*p = s + 989 + 3613, 4*s - 12 = 0. Is p a prime number?
False
Let q = 9350 - 5161. Is q a prime number?
False
Let c(j) = 847*j + 2. Let n be 1/(-2*4/(-8)). Is c(n) a prime number?
False
Is (0 - -2)/(-2) - -8664 a composite number?
False
Suppose 9*a = 3*a + 54. Suppose 3*d - 15 = a. Is (-344)/(-6) - d/(-12) a prime number?
False
Suppose 3*v - 4 = -2*i, 4*i + 25 - 1 = 2*v. Suppose v*c = 0, 1180 = -5*h + 3*c + 8225. Is h composite?
False
Let r(v) = 244 - 2*v**2 + 187 + 242. Is r(0) composite?
False
Let i(c) = 124*c**2 - 4*c + 13. Is i(3) prime?
True
Suppose -38117 - 85634 = -47*i. Is i a prime number?
True
Suppose 3*g + p + 2*p - 34245 = 0, -5*g + 5*p + 57035 = 0. Is g prime?
True
Let c be 180/50 - 2/(-5). Suppose 0*j + 130 = v + c*j, -2*v + 246 = j. Is v a prime number?
False
Let z be -11 + (-1)/1 + -1 + 4. Let w(v) = -242*v - 7. Is w(z) a composite number?
True
Suppose 295 = 2*a - 0*a + 3*f, 0 = 5*a + 3*f - 760. Let d = a - 51. Let p = d - 35. Is p composite?
True
Suppose 2*c + 2 + 3 = f, -20 = 2*c - 4*f. Let g be (-1 - (2 + c))*-1. Suppose -t - 119 = -g*b, -3*t - 11 = 4. Is b a composite number?
True
Is 1 - (-19400 + (-3 - 3)) composite?
True
Let o = -2 - -4. Suppose -3*a + 31 = 2*u - 78, -a = o*u - 115. Is u a composite number?
False
Let n(z) = 5*z - 9. Let a be n(3). Suppose 4949 = a*y - 529. Is y a composite number?
True
Let h be (-81)/108 + (-24995)/(-4). Suppose 9*p = p + h. Is p composite?
True
Suppose 3*h = -3*i + 7842, -3*i + 1897 + 5937 = -h. Suppose 7*n - 3*n = i. Is n composite?
False
Suppose 104*o - 99*o = -15. Is (-5 - o)*(-1)/(-4)*-2722 a prime number?
True
Suppose u + 2 = 3*g - 6, -3*g - u = -16. Suppose 84 + 728 = g*b. Is b composite?
True
Suppose -4*y - 4 + 12 = 0. Suppose s - 166 = 4*z, -2*s - 3*z + 130 = -202. Suppose -y*m = -4*m + s. Is m composite?
False
Suppose 10 = -0*i + 3*i - n, 5*n = -4*i + 26. Suppose -i*k + 1324 = -0*k. Is k a prime number?
True
Let c be (-2)/4*(-16 + 8). Suppose -3*d - 3736 = -5*f - 577, 5*f - 3157 = c*d. Is f prime?
False
Let q(w) = w**2 - 11*w + 22. Let t be q(9). Suppose 10*y - 1578 = t*y. Is y prime?
True
Is -3 + -2905*((-50)/5 + 0) prime?
False
Let v be 2/6 + 10/6. Suppose 3*m + 906 = 4*x, 0*x + 464 = 2*x + 4*m. Suppose 10 + x = v*b. Is b prime?
False
Let g(s) = 62*s**3 + 2*s**2 - 5*s + 2. Let x(b) = -63*b**3 - b**2 + 4*b - 1. Let n(t) = 2*g(t) + 3*x(t). Is n(-1) prime?
False
Suppose 4*j - 842 = 2*w, 3 = -3*j - 6. Suppose 0*m + 1492 = 2*m. Let q = m + w. Is q a composite number?
True
Let w(h) = 22*h + 2. Let m be w(1). Let u be m/(-4)*(-1)/2. Suppose d + 115 = a, u*d + 127 = a - d. Is a a composite number?
True
Suppose -4*q + 735 = m + 184, -4*q = 12. Suppose 392 = 2*p + 2*k, m = 6*p - 3*p - 2*k. Is p a prime number?
True
Let f = 13 - 1. Suppose 0 = -3*x + f + 3. Suppose -4*s = -x*s + 38. Is s a composite number?
True
Let l be (-1 + 5 - 5)*-3. Suppose 3*z - q = -3*q + 1105, l*q = -4*z + 1472. Is z a composite number?
True
Is (2*(-10454)/(-8))/((-135)/(-270)) a prime number?
True
Is -7 + (8505 + -5)/5 a composite number?
False
Suppose -30553 = -5*m - 3*q, -3*q - 6700 = -5*m + 23877. Is m prime?
True
Let r be ((-21)/35)/(1/(-9235)). Suppose 4*v = v + r. Is v composite?
False
Suppose -4*x + 27085 = 17*c - 14*c, 2*x - 36120 = -4*c. Is c a prime number?
False
Suppose 2*z - 14400 + 5618 = 0. Is z prime?
True
Let s(y) = -33*y**2 + 2*y - 7. Suppose 13 = 6*a - 5. Let n be s(a). Let h = -211 - n. Is h a prime number?
False
Suppose 4*w = 5*q + 2817 - 205, 1545 = -3*q - 5*w. Let y = 1155 + q. Is y prime?
False
Let w(n) = 